 when 30 is divided by c(f).
12
Let k(y) = 17*y**2 - 2*y + 1. What is the remainder when (24/18)/((-6)/(-1305)*10) is divided by k(1)?
13
What is the remainder when 0 + -1 - (5 + -38) is divided by 12?
8
Suppose -14*q - 161 = -2191. What is the remainder when q is divided by 31?
21
Let y(g) = -g**3 + g + 59. Calculate the remainder when y(0) is divided by 9.
5
Let s = -6 + 4. Let d be 5401/55 - s/(-10). Suppose -n - 29 = -d. What is the remainder when n is divided by 24?
21
Let y(m) = m**3 + 8*m - 12. Let f be y(6). Suppose 2*g + 2*g - f = -4*k, -4*k = -g - 257. Calculate the remainder when k is divided by 22.
20
Suppose -h + 17 = -u - 75, 0 = -2*h + 5*u + 187. Calculate the remainder when h is divided by (-2)/(-5) + 339/15.
22
Suppose 5*w = -2*m + 240, 5*m - 929 = 3*w - 360. Suppose -2*d = 3*d - m. Let i = 6 + 2. Calculate the remainder when d is divided by i.
7
Suppose -23*n = -4*n - 855. What is the remainder when 54 is divided by n?
9
Suppose -9901 + 1085 = -76*b. What is the remainder when b is divided by 114?
2
Let i(h) = 11*h**2 - h. Let b = -13 - -15. Suppose 2 = -2*y - 3*t + 23, 2*t = -b. What is the remainder when i(-2) is divided by y?
10
Let t be ((-380)/(-25))/(2/15). Suppose -t = -4*r + 2. Calculate the remainder when 85 is divided by r.
27
Calculate the remainder when 78/(-182) - (-3058)/14 - 1 is divided by 55.
52
Let c(s) = 2*s + 20. Let j = 88 - 74. Calculate the remainder when j is divided by c(-7).
2
Let h(d) = d**3 + 21*d**2 - 22*d + 34. Let o be h(-22). Suppose -4*z = k - o, -4*k + k + 3*z + 147 = 0. What is the remainder when 227 is divided by k?
43
Let v(o) = 22*o + 3 - 13*o**2 - 8*o - o**3 + 10*o**2. Let i(k) = 15*k**2 - 1. Calculate the remainder when v(-6) is divided by i(1).
13
Let u = 27 - 20. Let b = 32 - 15. Calculate the remainder when b is divided by u.
3
Let p(w) = -w + 6. Let y = -3 - -6. Let r be p(y). Suppose -r*s = -54 - 99. Calculate the remainder when s is divided by 13.
12
Suppose 5*i = d + 62, -5*d = -2*i - 2 + 13. Let l = i + -8. Suppose 0 = 5*g + l*o - 125, g + 34 = 2*g - 2*o. Calculate the remainder when 110 is divided by g.
26
Let u(i) = -i - 10. Let z be u(-10). Suppose 0 = -3*j - 12, n = -z*n + 4*j + 30. Suppose -4*k = -2*k - 110. Calculate the remainder when k is divided by n.
13
Let a = 49 + -10. Suppose 0 - 1 = v. What is the remainder when a + v + 9 + -9 is divided by 21?
17
Suppose a + 24 = 5*a. Let r(i) = -1. Let y(q) = q**2 + 2*q - 2. Let h(f) = r(f) + y(f). What is the remainder when h(a) is divided by 16?
13
Let o be 3*3/(-36) - 697/(-4). Suppose p + 56 = o. Calculate the remainder when p is divided by 20.
18
Let m be -4 + 5 - 1 - -5. Suppose -3*h = -0 + 3, m*l - 48 = 3*h. Suppose l*b = 4*b + 50. What is the remainder when 17 is divided by b?
7
Let a(p) = p**3 + 12*p**2 - 18*p - 44. Let g(y) be the first derivative of 13*y**2 + 3*y - 2. Calculate the remainder when g(3) is divided by a(-13).
18
Let t = 110 + -108. Calculate the remainder when -2 + 51 + -2 - (t - -2) is divided by 22.
21
Suppose 122 = -4*r + 330. Suppose 2*a + 2*a + 3*b = 65, -b = -3*a + r. Suppose -4*m + 67 = -a. What is the remainder when 61 is divided by m?
19
Let a(o) be the second derivative of 0 - 1/20*o**5 + 2*o - 7/2*o**2 + 7/6*o**3 + 1/4*o**4. Calculate the remainder when 9 is divided by a(4).
4
Suppose -134 = -5*f - j - 0*j, 0 = 3*f + 2*j - 86. Suppose -f - 31 = -d. Let o = -40 + d. What is the remainder when 48 is divided by o?
14
Suppose 7*f - 3028 + 2482 = 0. Let r be 168/10 - (-1)/5. Suppose -s = -10 - r. Calculate the remainder when f is divided by s.
24
Suppose 5*o + 30 = 2*o. Let a(f) = f**3 + 11*f**2 + 10*f + 2. Let n be a(o). Suppose 2*j - 26 = n. What is the remainder when j is divided by 5?
4
Let k(l) = l**3 - 5*l**2 - 2*l - 3. Calculate the remainder when k(6) is divided by 8.
5
Suppose 60 = 33*x - 31*x. Calculate the remainder when x is divided by 19.
11
Suppose -61*j + 60*j + 234 = 0. Let y = j + -130. What is the remainder when y is divided by 54?
50
Suppose -2*f - 137 = -3*w, 0 = 6*w - w + 4*f - 243. Calculate the remainder when w is divided by 20.
7
Suppose 21*g = 15*g + 5010. Suppose -g - 150 = -5*y. What is the remainder when y is divided by 40?
37
Let z(i) = -i + 1. Let u be z(-6). Let w(r) = r**2 - 7*r + 5. Suppose -3*j = 4*f - 55, f - j - 12 = -0. What is the remainder when f is divided by w(u)?
3
Let f be (2 + 3)/((-2)/(-2)). Let o(m) = 21*m - 7. Let g(p) = 31*p - 10. Let d(n) = -5*g(n) + 8*o(n). Calculate the remainder when d(f) is divided by 15.
14
Let k = -1 - -23. Let t = 105 - 40. Calculate the remainder when t is divided by k.
21
Let n be (-14 - -15) + 4 + 0. Suppose a = k + 8, 0 = -n*a - k - 0*k + 52. What is the remainder when 49 is divided by a?
9
Let v(m) = m**3 - m**2 - 2*m + 59. Let x(c) = 2*c**3 + 7*c - 9. Calculate the remainder when v(0) is divided by x(2).
17
Let w(z) = -z**3 - 13*z**2 - 4*z - 27. What is the remainder when w(-14) is divided by 51?
21
Let m(a) = -a**3 - a**2 - 3*a - 6. What is the remainder when 65 is divided by m(-2)?
1
Let w(c) = -c**3 - 7*c**2 + 5*c - 8. Let l be w(-8). Let b = -13 + l. What is the remainder when 24 is divided by b?
0
Let g = -35 - -35. Suppose g = -4*b - 67 + 203. Calculate the remainder when b is divided by 13.
8
Suppose -x + 0*x - 106 = 0. Let c = x + 114. What is the remainder when 19 is divided by c?
3
Suppose o + 8*y - 49 = 6*y, 0 = 2*o + y - 113. What is the remainder when o is divided by 6?
5
Let q be (32/(-20))/(4/10) - -11. Let v(t) = t**2 - t - 15. Calculate the remainder when v(q) is divided by 9.
0
Let y(r) = -3*r + 2. Let p(v) = 2*v**2 + 39*v + 29. What is the remainder when p(0) is divided by y(-5)?
12
Let z(q) = -q + 4. Calculate the remainder when 48 is divided by z(-7).
4
Let j(x) = -3*x**2 + 15. Let v be j(5). Let t = v + 71. What is the remainder when 63 is divided by t?
8
Suppose 21*t - 15 = 20*t. Calculate the remainder when 32 is divided by t.
2
Let c(j) be the first derivative of j**3/3 + 15*j**2/2 + 20*j + 2. Calculate the remainder when c(-18) is divided by 15.
14
Let f = -258 - -261. Let o(y) = y**3 + 4*y**2 - y + 2. What is the remainder when o(-3) is divided by f?
2
Calculate the remainder when ((-2)/(-4))/((-8)/(-1552)) is divided by 28.
13
Let f = -1980 + 2015. What is the remainder when f is divided by 4?
3
Let q = 249 - 228. Calculate the remainder when 607 is divided by q.
19
Let f = -259 + 309. Let m(c) = 2*c**2 - 4*c - 1. Calculate the remainder when f is divided by m(4).
5
Let v(m) = m**3 + 5*m**2 + 2*m - 2. Let n be v(-2). Let f = 135 - 127. What is the remainder when f is divided by (1 - -2)*n/9?
0
Let q = -1 - -25. Suppose -13 = r + 12. Let d = r + 34. What is the remainder when q is divided by d?
6
Suppose -3 = -2*v + 1. Let j(i) = 5*i**3 - i**2 + 2*i - 3. Let t = -1045 - -1064. What is the remainder when j(v) is divided by t?
18
Suppose 5*m - 2*m - 5*b - 50 = 0, 3*m - 38 = 2*b. Suppose 15*q = 1288 + 32. What is the remainder when q is divided by m?
8
Suppose -1736 = -8*m - 792. Calculate the remainder when m is divided by -1*((0 - 22) + 2).
18
Suppose -5*h = -4*a - 8, -4 = 4*h - 2*h - 4*a. Let i(s) = -23*s - 364. What is the remainder when i(-17) is divided by h?
3
Suppose 3*l + j - 72 = 17, 3*j + 139 = 5*l. Calculate the remainder when l is divided by 3.
2
Let t(g) = -7 + 4*g + 10 + 17*g**2 + 3*g - 3*g. Let n be t(-3). What is the remainder when 39 is divided by n/14 + (-16)/56?
9
Let m be (-6)/14 + 6/14. Suppose 6*d - 126 - 66 = m. Suppose -2*p - 8 = -d. Calculate the remainder when p is divided by 7.
5
Suppose -9*z = -2*p - 4*z + 4, -3*z + 6 = 0. Calculate the remainder when 8 is divided by p.
1
Let y(k) = -8*k + 33. Let i(a) = 7*a - 33. Let o(t) = -6*i(t) - 5*y(t). What is the remainder when o(-14) is divided by 32?
29
Let c(r) = 48*r**2 - r - 1. Calculate the remainder when c(-1) is divided by 4/8 + 8 + (-51)/(-6).
14
Suppose -x + 4 + 0 = 3*k, -2*x = 10. What is the remainder when 64 is divided by k?
1
Let g = 35 + -7. What is the remainder when g is divided by (-655)/(-65) - -15*20/(-3900)?
8
Let l be (270/25)/(-3 + 51/15). Suppose 4 = v - l. Calculate the remainder when v is divided by 11.
9
Suppose 0*a - 6 = 3*a. Let p(k) = -6*k**3 - 3*k**2 - 5*k - 4. Calculate the remainder when 209